{"id":54297,"date":"2026-04-25T09:41:04","date_gmt":"2026-04-25T07:41:04","guid":{"rendered":"https:\/\/valkandco.com\/property\/penthouse-in-cala-de-finestrat-2\/"},"modified":"2026-05-30T10:01:49","modified_gmt":"2026-05-30T08:01:49","slug":"penthouse-in-cala-de-finestrat-2","status":"publish","type":"property","link":"https:\/\/valkandco.com\/es\/property\/penthouse-in-cala-de-finestrat-2\/","title":{"rendered":"Penthouse in Cala de Finestrat"},"content":{"rendered":"<p>Este espectacular \u00e1tico se ubica en la Cala de Finestrat, a pocos pasos de supermercados, hospital, colegios, restaurantes y la hermosa playa de Benidorm. Con tres dormitorios y tres ba\u00f1os, destaca por su sal\u00f3n amplio que incluye una zona de comedor y se abre a una terraza de 50m2 con vistas panor\u00e1micas al mar. La propiedad cuenta con calefacci\u00f3n central de gas, aire acondicionado, barbacoa y una ba\u00f1era jacuzzi, brindando comodidades excepcionales para una experiencia residencial \u00fanica.<\/p>\n","protected":false},"excerpt":{"rendered":"<p>Este espectacular \u00e1tico se ubica en la Cala de Finestrat, a pocos pasos de supermercados, hospital, colegios, restaurantes y la hermosa playa de Benidorm. Con tres dormitorios y tres ba\u00f1os, destaca por su sal\u00f3n amplio que incluye una zona de comedor y se abre a una terraza de 50m2 con vistas panor\u00e1micas al mar. La [&hellip;]<\/p>\n","protected":false},"author":1,"featured_media":27914,"parent":0,"menu_order":0,"template":"","property_source":[],"property_type":[1578],"property_status":[1648],"property_feature":[1624],"property_label":[],"property_country":[1652],"property_state":[],"property_city":[],"property_area":[],"class_list":["post-54297","property","type-property","status-publish","has-post-thumbnail","hentry","property_type-atico-es","property_status-en-venta-es","property_feature-cerca-de-transporte-publico-es","property_country-espana-es"],"property_meta":{"fave_apinmo_id":["20355883"],"fave_property_id":["APN-20355883"],"fave_property_price":["430000"],"fave_currency":["EUR"],"fave_currency_info":[""],"fave_property_bedrooms":["1"],"fave_property_bathrooms":["3"],"fave_property_size":["150.00"],"fave_property_size_prefix":["m\u00b2"],"fave_property_land":["0"],"fave_property_land_postfix":["m\u00b2"],"fave_property_year":["2003"],"fave_property_address":["Cala de finestrat, Villajoyosa, ALICANTE"],"fave_property_map_address":["Cala de finestrat, Villajoyosa, ALICANTE"],"fave_property_country":["spain"],"fave_property_zip":["03570"],"fave_property_location":["38.526944058876154,-0.1688982111316477,14"],"houzez_geolocation_lat":["38.526944058876154"],"houzez_geolocation_long":["-0.1688982111316477"],"fave_property_map":["1"],"fave_property_map_street_view":["0"],"fave_featured":["0"],"houzez_featured_listing_date":[""],"fave_agents":["18133"],"fave_agent_display_option":["agent_info"],"fave_energy_class":["G"],"houzez_total_property_views":["14"],"_thumbnail_id":["27914"],"fave_property_images":["27914","27915","27916","27917","27918","27919","27920","27921","27922","27923","27924","27925","27926","27927","27928","27929","27930","27931","27932","27933","27934","27935","27936","27937","27938","27939","27940","27941"],"fave_property_images_ids":["27914","27915","27916","27917","27918","27919","27920","27921","27922","27923","27924","27925","27926","27927","27928","27929","27930","27931","27932","27933","27934","27935","27936","27937","27938","27939","27940","27941"],"_wpml_word_count":["89"],"houzez_views_by_date":["a:12:{s:10:\"06-04-2026\";i:1;s:10:\"06-17-2026\";i:1;s:10:\"06-20-2026\";i:2;s:10:\"06-24-2026\";i:1;s:10:\"06-30-2026\";i:1;s:10:\"07-21-2026\";i:2;s:10:\"08-01-2026\";i:1;s:10:\"08-11-2026\";i:1;s:10:\"08-20-2026\";i:1;s:10:\"08-27-2026\";i:1;s:10:\"08-31-2026\";i:1;s:10:\"09-04-2026\";i:1;}"],"houzez_recently_viewed":["2026-09-04 23:26:21"],"_elementor_page_assets":["a:0:{}"]},"_links":{"self":[{"href":"https:\/\/valkandco.com\/es\/wp-json\/wp\/v2\/properties\/54297","targetHints":{"allow":["GET"]}}],"collection":[{"href":"https:\/\/valkandco.com\/es\/wp-json\/wp\/v2\/properties"}],"about":[{"href":"https:\/\/valkandco.com\/es\/wp-json\/wp\/v2\/types\/property"}],"author":[{"embeddable":true,"href":"https:\/\/valkandco.com\/es\/wp-json\/wp\/v2\/users\/1"}],"version-history":[{"count":0,"href":"https:\/\/valkandco.com\/es\/wp-json\/wp\/v2\/properties\/54297\/revisions"}],"wp:featuredmedia":[{"embeddable":true,"href":"https:\/\/valkandco.com\/es\/wp-json\/wp\/v2\/media\/27914"}],"wp:attachment":[{"href":"https:\/\/valkandco.com\/es\/wp-json\/wp\/v2\/media?parent=54297"}],"wp:term":[{"taxonomy":"property_source","embeddable":true,"href":"https:\/\/valkandco.com\/es\/wp-json\/wp\/v2\/property_source?post=54297"},{"taxonomy":"property_type","embeddable":true,"href":"https:\/\/valkandco.com\/es\/wp-json\/wp\/v2\/property_type?post=54297"},{"taxonomy":"property_status","embeddable":true,"href":"https:\/\/valkandco.com\/es\/wp-json\/wp\/v2\/property_status?post=54297"},{"taxonomy":"property_feature","embeddable":true,"href":"https:\/\/valkandco.com\/es\/wp-json\/wp\/v2\/property_feature?post=54297"},{"taxonomy":"property_label","embeddable":true,"href":"https:\/\/valkandco.com\/es\/wp-json\/wp\/v2\/property_label?post=54297"},{"taxonomy":"property_country","embeddable":true,"href":"https:\/\/valkandco.com\/es\/wp-json\/wp\/v2\/property_country?post=54297"},{"taxonomy":"property_state","embeddable":true,"href":"https:\/\/valkandco.com\/es\/wp-json\/wp\/v2\/property_state?post=54297"},{"taxonomy":"property_city","embeddable":true,"href":"https:\/\/valkandco.com\/es\/wp-json\/wp\/v2\/property_city?post=54297"},{"taxonomy":"property_area","embeddable":true,"href":"https:\/\/valkandco.com\/es\/wp-json\/wp\/v2\/property_area?post=54297"}],"curies":[{"name":"wp","href":"https:\/\/api.w.org\/{rel}","templated":true}]}}

<p>Este espectacular ático se ubica en la Cala de Finestrat, a pocos pasos de supermercados, hospital, colegios, restaurantes y la hermosa playa de Benidorm. Con tres dormitorios y tres baños, destaca por su salón amplio que incluye una zona de comedor y se abre a una terraza de 50m2 con vistas panorámicas al mar. La propiedad cuenta con calefacción central de gas, aire acondicionado, barbacoa y una bañera jacuzzi, brindando comodidades excepcionales para una experiencia residencial única.</p>

<p>Este espectacular ático se ubica en la Cala de Finestrat, a pocos pasos de supermercados, hospital, colegios, restaurantes y la hermosa playa de Benidorm. Con tres dormitorios y tres baños, destaca por su salón amplio que incluye una zona de comedor y se abre a una terraza de 50m2 con vistas panorámicas al mar. La [&hellip;]</p>
